{"id":551,"date":"2021-04-26T15:20:15","date_gmt":"2021-04-26T14:20:15","guid":{"rendered":"https:\/\/www.ayourbalance.com\/?page_id=551"},"modified":"2021-07-07T07:22:49","modified_gmt":"2021-07-07T06:22:49","slug":"kurse","status":"publish","type":"page","link":"https:\/\/ayourbalance.com\/?page_id=551&lang=de","title":{"rendered":"Kurse"},"content":{"rendered":"<div class=\"introSection pt-0 pb-0\">\n<section class=\"overviewSection\">\n<div class=\"container overviewSectionContainer\">\n<div class=\"position-relative\">\n<h3 class=\"mb-3 text-center CoursesHeading\"><i>&#8220;In den Kursen geht es nicht nur ums Kochen, sondern auch darum, Lebensmittel zu unserem Wohlbefinden zu verwenden.\u201d<\/i><\/h3>\n<h5 class=\"mb-0 text-center CoursesHeading-1\"><i>&#8220;Wiederherstellung des Gleichgewichts auf nat\u00fcrlichem Wege statt Kalorien z\u00e4hlen.&#8221;<\/i><\/h5>\n<\/p><\/div>\n<div class=\"space15\"><\/div>\n<div class=\"row justify-content-center\">\n<div class=\"col-md-4\">\n<div class=\"col-md-12 mb-4\">\n                            <a href=\"basis-solide-vorbereitung\" class=\"CourseBlock\" rel=\"noopener\"><\/p>\n<h4 class=\"text-center\">Basis = solide Vorbereitung (Neu Kurs-Unsere Verdauung)<em><\/h4>\n<p>                            <\/a>\n                        <\/div>\n<div class=\"col-md-12 mb-4\">\n                            <a href=\"praxis-kochen\" class=\"CourseBlock\" rel=\"noopener\"><\/p>\n<h4 class=\"text-center\">Praxis = kochen<\/h4>\n<p>                            <\/a>\n                        <\/div>\n<div class=\"col-md-12 mb-4\">\n                            <a href=\"teenager-Beauty\" class=\"CourseBlock\" rel=\"noopener\"><\/p>\n<h4 class=\"text-center\">Teenager Beauty <\/h4>\n<p>                            <\/a>\n                        <\/div>\n<div class=\"col-md-12 mb-4\">\n                            <a href=\"wechseljahre\" class=\"CourseBlock\" rel=\"noopener\"><\/p>\n<h4 class=\"text-center\">Wechseljahre<\/h4>\n<p>                            <\/a>\n                        <\/div>\n<div class=\"col-md-12 mb-4\">\n                            <a href=\"fuer-outdoor-begeisterte-ernaeh\" class=\"CourseBlock\" rel=\"noopener\"><\/p>\n<h4 class=\"text-center\">f\u00fcr Outdoor-Begeisterte<\/h4>\n<p>                            <\/a>\n                        <\/div>\n<p>                        <!-- \n\n<div class=\"col-md-12 mb-4\">\n                            <a href=\"calendar\" class=\"CourseBlock\" rel=\"noopener\">\n                                \n\n<h4 class=\"text-center\">Calendar<\/h4>\n\n\n                            <\/a>\n                        <\/div>\n\n --><\/p>\n<div class=\"col-md-12\">\n                            <a href=\"preise\" class=\"CourseBlock\" rel=\"noopener\"><\/p>\n<h4 class=\"text-center\">Preise<\/h4>\n<p>                            <\/a>\n                        <\/div>\n<\/p><\/div>\n<\/p><\/div>\n<\/p><\/div>\n<\/section><\/div>\n","protected":false},"excerpt":{"rendered":"<p>&#8220;In den Kursen geht es nicht nur ums Kochen, sondern auch darum, Lebensmittel zu unserem Wohlbefinden zu verwenden.\u201d &#8220;Wiederherstellung des Gleichgewichts auf nat\u00fcrlichem Wege statt Kalorien z\u00e4hlen.&#8221; Basis = solide Vorbereitung (Neu Kurs-Unsere Verdauung) Praxis = kochen Teenager Beauty Wechseljahre f\u00fcr Outdoor-Begeisterte Preise<\/p>\n","protected":false},"author":1,"featured_media":0,"parent":0,"menu_order":0,"comment_status":"closed","ping_status":"closed","template":"","meta":{"footnotes":""},"_links":{"self":[{"href":"https:\/\/ayourbalance.com\/index.php?rest_route=\/wp\/v2\/pages\/551"}],"collection":[{"href":"https:\/\/ayourbalance.com\/index.php?rest_route=\/wp\/v2\/pages"}],"about":[{"href":"https:\/\/ayourbalance.com\/index.php?rest_route=\/wp\/v2\/types\/page"}],"author":[{"embeddable":true,"href":"https:\/\/ayourbalance.com\/index.php?rest_route=\/wp\/v2\/users\/1"}],"replies":[{"embeddable":true,"href":"https:\/\/ayourbalance.com\/index.php?rest_route=%2Fwp%2Fv2%2Fcomments&post=551"}],"version-history":[{"count":23,"href":"https:\/\/ayourbalance.com\/index.php?rest_route=\/wp\/v2\/pages\/551\/revisions"}],"predecessor-version":[{"id":813,"href":"https:\/\/ayourbalance.com\/index.php?rest_route=\/wp\/v2\/pages\/551\/revisions\/813"}],"wp:attachment":[{"href":"https:\/\/ayourbalance.com\/index.php?rest_route=%2Fwp%2Fv2%2Fmedia&parent=551"}],"curies":[{"name":"wp","href":"https:\/\/api.w.org\/{rel}","templated":true}]}}